*f = s - 151. What is the highest common factor of s and 9?
9
Let a = 62 + -44. Let z(l) = 20*l - 6. Suppose 0 = -2*d - 0*d - 3*b + 15, -18 = -5*d - b. Let m be z(d). Calculate the greatest common divisor of m and a.
18
Suppose -w + 3 = 0, 0 = 4*d + 5*w + 4 - 35. Suppose -2*f + 14 = d. Suppose 2*g - 31 = 4*o + o, -f = -o. Calculate the greatest common divisor of g and 252.
28
Suppose 10*s - 11 = 29. Suppose s*w - 40 = -5*t, -4*w - 4*t = -3*w - 21. Calculate the highest common divisor of 20 and w.
5
Let g(n) = n**3 + 11*n**2 - 28*n + 44. Let b be g(-13). Calculate the highest common divisor of b and 42.
14
Let x = -13 - -62. Let k(r) = -r**3 - 3*r**2 + 5*r + 1. Let t be k(-4). Let l = 4 - t. Calculate the highest common factor of x and l.
7
Let k = 22 - -6. Let i be (3/4)/((-42)/(-56)). Let a be i*14/(-63) + 1264/18. Calculate the greatest common factor of a and k.
14
Let a = 11 + 85. Let m = a - 95. Calculate the greatest common factor of m and 7.
1
Let a = 709 + -667. Let m = -23 + 37. Calculate the greatest common factor of a and m.
14
Let g(l) = 2*l**3 + 31*l**2 + 10*l - 11. Let i be g(-15). What is the greatest common factor of i and 704?
64
Let k be ((-162)/15)/((-12)/(-40)). Let y = 6 - k. Calculate the greatest common factor of 21 and y.
21
Suppose -24 = -2*b - 4*b. Let l(w) = b*w**2 - 5*w**2 - 3*w**2 + 5*w**2 - 9 - 2*w. Let o be l(-4). Calculate the highest common factor of o and 15.
15
Suppose 3*v + 3*q - 4 = 4*q, -16 = v + 4*q. Suppose h = 5*c - 0*c + 45, 0 = 2*h - 3*c - 69. Let f = v + h. What is the highest common divisor of 20 and f?
10
Let u = -10 + 17. Suppose 3*x - 22 + u = 0. Suppose -4*n - 469 = -5*i - 85, 4*i = -x*n + 340. Calculate the highest common factor of i and 10.
10
Suppose -4 = -s, 5*k - s - 8 = 2*s. Suppose k*t = 202 + 70. Suppose 2*f = -4*a + 74, f + a - t = -f. What is the highest common factor of 264 and f?
33
Let s = -256 + 330. What is the greatest common factor of 259 and s?
37
Suppose 0 = -2*x + 10 + 56. Let o be (1 + 153)*(-19)/((-1330)/120). Calculate the greatest common factor of x and o.
33
Suppose 998 = 14*m + 256. Suppose 2*s = x - m + 12, 0 = x + 5*s - 48. Calculate the highest common divisor of x and 43.
43
Suppose 3*l + 96 = 4*u, 4*u + 5*l = 9*l + 100. What is the greatest common divisor of u and 1239?
21
Let v be (-2 + 9)*(-4)/(-14). Suppose 4*r = -l - 22, 7*l - v*l = r - 26. Let m be 2*(-3)/l + 29. Calculate the greatest common divisor of 75 and m.
15
Suppose 2*k - 2486 + 170 = 0. Suppose -12*c = -k - 1758. What is the greatest common factor of c and 27?
27
Let j be (-4 - 136/(-12))/((-8)/(-636)). Calculate the greatest common factor of 11 and j.
11
Let o be 24/7 - 92/(-161). Suppose 4*g = -0*f - 4*f + o, -10 = 2*g. What is the greatest common factor of f and 24?
6
Suppose 4074 = 17*f - 2828. Calculate the highest common factor of 7 and f.
7
Suppose -261 + 354 = 3*r. Let x be 34 + 12/8*-2. What is the highest common factor of x and r?
31
Suppose 0 = -10*c + 14*c + 3*z - 121, -156 = -4*c + 4*z. Calculate the highest common factor of 136 and c.
34
Let c be (-4)/(-26) - (-12)/(-78). Suppose j - 6*j + 20 = c. Suppose -2*k + 48 = u - 16, -j*u - 5*k + 244 = 0. What is the greatest common divisor of 7 and u?
7
Suppose 2*k = 2*d - 18, -4*k - 2*d = -5*k - 6. Suppose 0*f = -4*f - 368. Let i be 3*(3 + f/k). What is the greatest common divisor of i and 96?
32
Suppose -3*t + 2*t + 27 = 0. Let j be (-56)/35 + 12389/65. What is the highest common factor of t and j?
27
Suppose 10*w - 371 = 3*w. What is the highest common factor of w and 371?
53
Suppose -5*f = 2*f - 84. What is the greatest common divisor of 12 and f?
12
Let g be (-110)/5*-1*1. Let t(q) = -q**2 + 25*q + 361. Let d be t(35). What is the greatest common factor of d and g?
11
Let b(a) = -4*a**2 - a + 4. Let s be b(-2). Let n be (50/s)/(1 + -2). Let q be (20/n)/(-4)*-16. Calculate the greatest common factor of q and 48.
16
Let q be 40 - (-4)/((-4)/(-2)). Let a(y) = -13*y + 106. Let d be a(6). Calculate the greatest common factor of q and d.
14
Let l(s) = 8*s - 2. Let h be (24/(-20))/(6/(-40)). Let k be l(h). Suppose -k = -3*f - 17. What is the greatest common factor of 3 and f?
3
Suppose 0 = -4*j + 5*k + 71, 4*j + k - 86 = 3*k. Let v = j + -20. Let n = -8 + 9. What is the greatest common factor of n and v?
1
Let m(q) = q**3 - 14*q**2 + 9*q - 81. Let z be m(14). Calculate the highest common factor of z and 15.
15
Suppose 0 = -2*i + 3*i + 3*y - 3, 4*y = -3*i + 4. Suppose i = -4*h + 2*h + 84. What is the greatest common divisor of 14 and h?
14
Let l(v) = 0*v + v**2 - 31 + 21 - 4*v + v. Let w be l(7). Calculate the greatest common divisor of 18 and w.
18
Let l(v) = -7*v - 7. Let s(b) = -4*b - 4. Let r(f) = -3*l(f) + 5*s(f). Let o be r(-9). Let n = o - -21. What is the greatest common divisor of n and 13?
13
Let r = 15 + -54. Let d = 59 + r. Let z be 12/(-1*(-3)/2). Calculate the highest common divisor of d and z.
4
Let a be -98*((-16)/64)/((-1)/(-6)). What is the highest common divisor of 245 and a?
49
Suppose 2*m - d + 3*d = 0, 10 = 4*m - d. Suppose m*y - 10 - 4 = 0. Calculate the highest common divisor of y and 2.
1
Let f(b) = -b**3 + 4*b**2 - 16*b - 17. Let a be f(-5). Calculate the highest common factor of a and 936.
72
Let i = 193 - 103. What is the greatest common divisor of i and 315?
45
Let x be (-213)/(-9) + (-1)/(-3). Let j = 1020 - 1017. Calculate the highest common factor of x and j.
3
Suppose 0 = a - 5, -3*d - 3*a = -21 - 0. Calculate the greatest common factor of d and 32.
2
Suppose -5*f = 20, 42 = 2*h + 3*f + 6. Let a = 8 + -5. Let x be (12 + 3 - a)*8. What is the highest common factor of x and h?
24
Let k = 42 + -38. Suppose 2*g - 226 = 3*d, 0*g - k*d = 3*g - 322. Calculate the greatest common divisor of g and 20.
10
Let k(m) = m**3 + 6*m**2 - m - 18. Let j be k(-5). What is the greatest common divisor of 150 and j?
6
Let p(k) = -k**2 - 8*k + 6. Let n = 5 + -13. Let r be p(n). Let v(x) = x**3 + 7*x**2 - 6*x + 18. Let i be v(-8). What is the highest common divisor of i and r?
2
Let s = -229 - -524. What is the highest common divisor of 20 and s?
5
Suppose -25*a + 22*a + 102 = 0. Suppose -4*q = -7*q - 12, r - a = q. What is the highest common divisor of 30 and r?
30
Suppose -r + 376 = 5*t, -4*r - 146 = -2*t - 0*t. Suppose -x = 3*x + 2*o - 74, -3*x + 5*o = -t. Calculate the greatest common factor of x and 140.
20
Suppose 5*m - t - 21 = 0, -2 = 3*m + 2*t - 25. Suppose 2*y + 63 = m*y. Calculate the greatest common divisor of 42 and y.
21
Suppose -3*h = 7*t - 3*t - 2285, 4*t + 2*h = 2286. What is the greatest common factor of t and 52?
52
Suppose 3*o + 94 = -k + 3*k, -4 = -2*o. Calculate the greatest common factor of k and 1100.
50
Let v(g) = -g**2 + 8*g - 10. Let t be v(6). Let s be 71 - t/4*-2. What is the highest common factor of s and 18?
18
Let u = 357 - 224. Calculate the highest common factor of 95 and u.
19
Let z(c) = 3*c**2 - 6*c + 3. Let p be z(-3). Let k = p - 46. Calculate the greatest common divisor of 18 and k.
2
Suppose 0*x + 362 = a + 3*x, 0 = -3*a + 4*x + 1151. Let s = -146 + a. What is the highest common factor of 33 and s?
33
Let q(t) = 14*t - 6. Let b(i) = -15*i + 7. Let r(g) = -3*b(g) - 4*q(g). Let h be r(2). Let c = -9 - h. Calculate the highest common divisor of c and 110.
10
Suppose 0*y + 2*y = -4*b + 130, -30 = -b - y. Suppose 0*p - p - 3*d + 7 = 0, 0 = -d. What is the highest common factor of p and b?
7
Let h(v) = 3*v - 24. Let j be h(10). Let t be 2/(20/65)*j. What is the greatest common factor of 39 and t?
39
Suppose -28 - 12 = -5*a. Suppose -o = -5*o. Suppose 4*y = -3*n + 1 + 2, 2*n - 5*y - 2 = o. Calculate the highest common factor of n and a.
1
Let h = 1441 + -1355. Calculate the greatest common factor of h and 129.
43
Let g be (-6)/15 + 184/10. Let b = 11 - 8. Suppose -b*s + 8 = -10. What is the highest common divisor of g and s?
6
Suppose 5*x + 2*p + 6 = 38, -52 = -4*x + 5*p. Calculate the highest common divisor of x and 808.
8
Suppose 0 = 2*v - 5*c + 12 - 29, 4*v - 23 = -c. Let h = 135 + -75. What is the greatest common divisor of v and h?
6
Let p(v) = -v**3 - 2*v**2 + 5*v + 14. Let q be p(-5). Let s = -63 + q. Calculate the highest common factor of s and 9.
1
Let m be (-321)/(-29) + 58/(-841). Calculate th